What are the prime factors of 21311?
101, 211
What are the prime factors of 2316?
2, 3, 193
List the prime factors of 38026.
2, 19013
List the prime factors of 43267.
7, 883
List the prime factors of 15397.
89, 173
List the prime factors of 6643.
7, 13, 73
What are the prime factors of 124?
2, 31
What are the prime factors of 1764?
2, 3, 7
What are the prime factors of 3839?
11, 349
List the prime factors of 744.
2, 3, 31
What are the prime factors of 3423?
3, 7, 163
What are the prime factors of 1533?
3, 7, 73
List the prime factors of 62221.
43, 1447
List the prime factors of 3730.
2, 5, 373
What are the prime factors of 1041?
3, 347
List the prime factors of 3025.
5, 11
List the prime factors of 199.
199
What are the prime factors of 1183?
7, 13
What are the prime factors of 7317?
3, 271
List the prime factors of 21540.
2, 3, 5, 359
What are the prime factors of 5107?
5107
List the prime factors of 6763.
6763
List the prime factors of 1281.
3, 7, 61
List the prime factors of 14534.
2, 13, 43
What are the prime factors of 2640?
2, 3, 5, 11
What are the prime factors of 355?
5, 71
List the prime factors of 4578.
2, 3, 7, 109
List the prime factors of 13609.
31, 439
List the prime factors of 2607.
3, 11, 79
List the prime factors of 16752.
2, 3, 349
List the prime factors of 1891.
31, 61
List the prime factors of 1016.
2, 127
List the prime factors of 316.
2, 79
What are the prime factors of 5552?
2, 347
List the prime factors of 45323.
61, 743
List the prime factors of 105192.
2, 3, 487
List the prime factors of 2878.
2, 1439
What are the prime factors of 28640?
2, 5, 179
What are the prime factors of 22153?
22153
What are the prime factors of 6386?
2, 31, 103
What are the prime factors of 6627?
3, 47
What are the prime factors of 2087?
2087
List the prime factors of 36679.
43, 853
What are the prime factors of 792?
2, 3, 11
What are the prime factors of 364?
2, 7, 13
List the prime factors of 463.
463
What are the prime factors of 9298?
2, 4649
List the prime factors of 2887.
2887
List the prime factors of 2928.
2, 3, 61
List the prime factors of 58896.
2, 3, 409
List the prime factors of 30302.
2, 109, 139
What are the prime factors of 13823?
23, 601
List the prime factors of 4575.
3, 5, 61
What are the prime factors of 140745?
3, 5, 11, 853
List the prime factors of 63680.
2, 5, 199
What are the prime factors of 3857?
7, 19, 29
List the prime factors of 465.
3, 5, 31
What are the prime factors of 32299?
32299
What are the prime factors of 877?
877
What are the prime factors of 1364?
2, 11, 31
List the prime factors of 81534.
2, 3, 107, 127
What are the prime factors of 941?
941
What are the prime factors of 172371?
3, 57457
What are the prime factors of 410?
2, 5, 41
List the prime factors of 11888.
2, 743
What are the prime factors of 360?
2, 3, 5
What are the prime factors of 1482?
2, 3, 13, 19
List the prime factors of 15779.
31, 509
What are the prime factors of 3464?
2, 433
List the prime factors of 1749.
3, 11, 53
List the prime factors of 7131.
3, 2377
List the prime factors of 19114.
2, 19, 503
What are the prime factors of 664?
2, 83
What are the prime factors of 4200?
2, 3, 5, 7
What are the prime factors of 1046?
2, 523
What are the prime factors of 7662?
2, 3, 1277
What are the prime factors of 821?
821
What are the prime factors of 5985?
3, 5, 7, 19
List the prime factors of 18830.
2, 5, 7, 269
What are the prime factors of 14442?
2, 3, 29, 83
List the prime factors of 860.
2, 5, 43
What are the prime factors of 28947?
3, 9649
List the prime factors of 10853.
10853
List the prime factors of 2648.
2, 331
What are the prime factors of 1516?
2, 379
List the prime factors of 5606.
2, 2803
What are the prime factors of 278?
2, 139
What are the prime factors of 904?
2, 113
List the prime factors of 3709.
3709
What are the prime factors of 82647?
3, 3061
What are the prime factors of 11560?
2, 5, 17
List the prime factors of 10870.
2, 5, 1087
List the prime factors of 48113.
13, 3701
What are the prime factors of 7074?
2, 3, 131
What are the prime factors of 944?
2, 59
List the prime factors of 2250.
2, 3, 5
List the prime factors of 54075.
3, 5, 7, 103
List the prime factors of 529.
23
List the prime factors of 30226.
2, 7, 17, 127
What are the prime factors of 4073?
4073
What are the prime factors of 1145?
5, 229
What are the prime factors of 113565?
3, 5, 67, 113
List the prime factors of 10015.
5, 2003
What are the prime factors of 2000?
2, 5
What are the prime factors of 933?
3, 311
List the prime factors of 724.
2, 181
What are the prime factors of 20352?
2, 3, 53
What are the prime factors of 745?
5, 149
List the prime factors of 24124.
2, 37, 163
What are the prime factors of 138298?
2, 69149
List the prime factors of 22664.
2, 2833
List the prime factors of 60515.
5, 7, 13, 19
What are the prime factors of 9767?
9767
What are the prime factors of 5567?
19, 293
What are the prime factors of 12832?
2, 401
What are the prime factors of 145693?
89, 1637
List the prime factors of 138602.
2, 37, 1873
List the prime factors of 49001.
19, 2579
List the prime factors of 466.
2, 233
What are the prime factors of 123233?
11, 17, 659
What are the prime factors of 5053?
31, 163
What are the prime factors of 2110?
2, 5, 211
List the prime factors of 29002.
2, 17, 853
What are the prime factors of 1356?
2, 3, 113
List the prime factors of 7025.
5, 281
What are the prime factors of 45525?
3, 5, 607
List the prime factors of 13095.
3, 5, 97
What are the prime factors of 40962?
2, 3, 6827
What are the prime factors of 2787?
3, 929
What are the prime factors of 3053?
43, 71
List the prime factors of 123991.
7, 17713
List the prime factors of 63791.
7, 13, 701
List the prime factors of 14443.
11, 13, 101
List the prime factors of 3618.
2, 3, 67
What are the prime factors of 144389?
7, 20627
List the prime factors of 85811.
11, 29, 269
What are the prime factors of 10908?
2, 3, 101
What are the prime factors of 4421?
4421
List the prime factors of 9294.
2, 3, 1549
List the prime factors of 1942.
2, 971
What are the prime factors of 1483?
1483
What are the prime factors of 33531?
3, 11177
List the prime factors of 5832.
2, 3
What are the prime factors of 152042?
2, 11, 6911
List the prime factors of 1103.
1103
What are the prime factors of 59286?
2, 3, 41, 241
What are the prime factors of 8455?
5, 19, 89
List the prime factors of 705.
3, 5, 47
What are the prime factors of 8423?
8423
What are the prime factors of 43434?
2, 3, 19, 127
List the prime factors of 16933.
7, 41, 59
What are the prime factors of 672?
2, 3, 7
List the prime factors of 36744.
2, 3, 1531
List the prime factors of 2245.
5, 449
List the prime factors of 58598.
2, 83, 353
What are the prime factors of 50328?
2, 3, 233
List the prime factors of 38613.
3, 61, 211
List the prime factors of 1484.
2, 7, 53
List the prime factors of 139344.
2, 3, 2903
List the prime factors of 5167.
5167
List the prime factors of 22317.
3, 43, 173
What are the prime factors of 26424?
2, 3, 367
List the prime factors of 411.
3, 137
List the prime factors of 111794.
2, 55897
List the prime factors of 29564.
2, 19, 389
What are the prime factors of 7022?
2, 3511
List the prime factors of 705.
3, 5, 47
What are the prime factors of 63082?
2, 31541
What are the prime factors of 12720?
2, 3, 5, 53
List the prime factors of 4155.
3, 5, 277
What are the prime factors of 10679?
59, 181
List the prime factors of 129.
3, 43
What are the prime factors of 1006?
2, 503
List the prime factors of 3672.
2, 3, 17
What are the prime factors of 15298?
2, 7649
List the prime factors of 57743.
7, 73, 113
List the prime factors of 82235.
5, 16447
What are the prime factors of 65985?
3, 5, 53, 83
What are the prime factors of 1386?
2, 3, 7, 11
List the prime factors of 5953.
5953
List the prime factors of 686.
2, 7
What are the prime factors of 12784?
2, 17, 47
List the prime factors of 70747.
263, 269
What are the prime factors of 4709?
17, 277
What are the prime factors of 1601?
1601
What are the prime factors of 4914?
2, 3, 7, 13
What are the prime factors of 5360?
2, 5, 67
List the prime factors of 27452.
2, 6863
What are the prime factors of 126172?
2, 31543
What are the prime factors of 30708?
2, 3, 853
What a